t common divisor of 21 and c.
21
Let c be 45/(-75)*5*-13. Calculate the highest common divisor of 195 and c.
39
Let o(u) = -u**2 - 2*u + 3. Let p be o(0). Suppose -i = 5*m - 160, -7*m + 6*m + 4*i + 53 = 0. What is the greatest common factor of p and m?
3
Suppose -160 = -4*u - 4*l, u = 5*u - 3*l - 132. What is the greatest common divisor of u and 144?
36
Let c(w) = w**2 - w - 1. Let y be c(2). Let r = -2 + y. Let z be (6 - 2)*(r + 2). Calculate the highest common divisor of 44 and z.
4
Suppose -5*o - 5*v - 4 = 11, 9 = o - 2*v. Let m = 10 - o. What is the greatest common divisor of 45 and m?
9
Suppose -21 = -k - 4*g, 4*g - 1 = -3*k + 86. Suppose -4*w - o = 52, 5*w = 7*w + 2*o + 26. Let q = 16 + w. What is the highest common divisor of k and q?
3
Suppose 2*w = 21 + 5. Let c(r) = r**2 - 5*r + 7. Let u be c(-7). What is the greatest common factor of w and u?
13
Suppose -1290 = -3*i - 2*f, 3*i - 1287 = -4*f + f. Calculate the greatest common factor of i and 48.
48
Let a = 17 - -12. Let y be (a - 15)*5/1. What is the greatest common divisor of y and 14?
14
Let z(r) = 3*r**3 + 2*r - 1. Let b be z(1). Calculate the greatest common factor of b and 4.
4
Suppose 5 = 2*n + 3*r - 0, 4*n = 4*r. Let d(p) = p. Let t be d(11). What is the greatest common divisor of t and n?
1
Suppose -5*v + 17 = -k, -3*k + 8*k - 2*v - 7 = 0. Suppose -t + k*u = -9, -3*t + 3*u = -20 - 7. Calculate the greatest common factor of 1 and t.
1
Let j(d) = -19*d**3 + 2*d**2 - 1. Let p be (-1)/3 - (-12)/(-18). Let s be j(p). What is the greatest common factor of 180 and s?
20
Let w = 33 - 82. Let j = 97 + w. Suppose -3*o = -7*o + 48. Calculate the highest common divisor of j and o.
12
Suppose -3*s + 8 = -13. What is the highest common factor of 7 and s?
7
Let v(p) = p**2 + p + 150. Let y be v(0). Calculate the highest common factor of 15 and y.
15
Let x(s) be the third derivative of -1/60*s**5 + s**2 + 7/24*s**4 + s**3 + 0*s + 0. Let y be x(6). Calculate the greatest common factor of 24 and y.
12
Suppose -5*a + 2*o + 727 = o, 0 = 5*a - 3*o - 721. Suppose 282 = 3*i + 3*l, 5*i - 339 = -2*l + a. What is the greatest common factor of 9 and i?
9
Let r(g) = g**2 - 15*g + 40. Let o be r(12). What is the highest common divisor of o and 20?
4
Let t(o) = 29*o**3 + o**2. Let h be t(1). Suppose h = -p + 3*p - 4*a, 3*a + 6 = 0. Let z = 169 + -81. Calculate the highest common factor of p and z.
11
Let b = -7 + 9. Calculate the highest common factor of b and 6.
2
Suppose 2 = 4*n - 3*n. Let v = -2 - 0. Let h be v + 1 - (-3 + -6). Calculate the greatest common divisor of h and n.
2
Let d = -390 - -565. Suppose 3*f + 5*x = -2*f + 185, -5*x - d = -5*f. Calculate the highest common factor of 9 and f.
9
Suppose -5*h + 85 = -5*v, 0*h + 2*v = -h + 14. Let j = 31 - h. Let s = 20 + -10. What is the highest common factor of s and j?
5
Suppose 5*x = 3*x + 148. Suppose -3*y + 4*k - 5*k + 158 = 0, -y + x = -5*k. What is the greatest common divisor of 18 and y?
18
Suppose -5*t = 57 + 243. Let g = t - -108. Calculate the greatest common factor of 120 and g.
24
Suppose 5*z - i = -6*i + 105, -4*i - 60 = -5*z. Let u(m) = m**2 + 5*m + 6. Let q be u(-4). Calculate the greatest common divisor of z and q.
2
Let p = 0 + 0. Let t(u) = -u**2 - u + 12. Let d be t(p). Let x be d/16 - (-481)/4. What is the highest common factor of x and 11?
11
Let m = 18 + -2. Calculate the highest common divisor of m and 128.
16
Suppose -2*b - 170 = -i, i + 2*b = 237 - 63. Suppose -i = -4*a + 6*m - 2*m, 2*a + 2*m - 82 = 0. Calculate the highest common factor of 6 and a.
6
Suppose 0*f = 2*f + 8, -5*d = 5*f - 55. Let b be 417/d + 2/10. What is the greatest common factor of 7 and b?
7
Let q = -92 + 169. Suppose -3*j - 2*g + 5 = -8, 2*j - 6 = -2*g. Calculate the greatest common divisor of q and j.
7
Let k be (-27)/(-5) - (-16)/(-40). Let j be 4 - 0*1/(-3). Let h = 6 - j. Calculate the highest common factor of k and h.
1
Let d be (1 - 2 - -1) + 5. Suppose 2*c + 3*c = 5. What is the greatest common factor of d and c?
1
Suppose -z + 4 = p - 3*z, -2*z + 16 = 4*p. Suppose -n + 46 = p*b, -3*n - 4*b + 70 = -9*b. Calculate the greatest common factor of 10 and n.
10
Suppose -2*q - 4 = -44. What is the highest common divisor of q and 5?
5
Let q be 0 - 0 - -3 - -77. Suppose -7*b = -5*p - 2*b + 170, -2*p + 5*b + q = 0. Calculate the highest common factor of p and 15.
15
Suppose -c + 40 = 2*c - l, -5*l = 3*c - 34. What is the highest common divisor of 13 and c?
13
Suppose 4*z - 267 = -c - 2*c, 0 = -2*c + 10. What is the highest common divisor of z and 7?
7
Suppose 3*g + 4 = -g. Let b(r) = 5*r**2 + 1. Let d be b(g). Calculate the highest common factor of d and 4.
2
Suppose -n + 9 + 0 = 2*y, n - 9 = -3*y. Let b be -1 + 3 + 1 + n. Calculate the greatest common divisor of b and 12.
12
Suppose -6*m = -63 - 117. What is the highest common factor of m and 120?
30
Let i be (-30)/(-9) + 1/(-3). Suppose -i*h - 9 = -3*v - 0*h, -3*v + 1 = h. Calculate the highest common factor of 2 and v.
1
Let j = -11 + 24. Calculate the greatest common divisor of 13 and j.
13
Suppose 4*p = 3*p + 10. What is the greatest common factor of 10 and p?
10
Let q(l) = -l**3 - 2*l**2 - l - 4. Let k be q(-4). What is the highest common factor of k and 4?
4
Suppose -h = -3*c + 14, -h = -4*c + 4*h + 4. Suppose f - 3*f = -108. What is the highest common factor of c and f?
6
Let j be 42/(-24)*(-16 - 0). What is the greatest common divisor of j and 70?
14
Let t be ((-18)/4)/(2/(-4)). Let y be 2 + -2 + (-2)/2. Let o be 1/(1/(-1))*y. Calculate the highest common divisor of o and t.
1
Suppose -7*u = -0*u - 420. Calculate the greatest common divisor of 40 and u.
20
Let a be (-1 + 2)/(5/145). Let q be 2026/14 + 2/7. What is the highest common divisor of q and a?
29
Let u be 4/(-14) - 416/14. Suppose -4*d = 2*a + 3*a + 547, 4*a = 20. Let v be d/(-2) + u/20. Calculate the highest common divisor of v and 10.
10
Let w(b) = 5*b + 1. Let s be w(1). Suppose -r - 1 = -2*d, s*r + 2*d = 2*r + 6. Let q be (-7)/(-4) + r/4. Calculate the highest common divisor of 5 and q.
1
Suppose 5*g = -10, 3*u - 4*g - 24 = -u. Suppose 26 = 3*y + k, u*k + 1 = -2*y + 5. Let d be (-20)/6*(-15)/y. Calculate the highest common factor of d and 55.
5
Suppose 3*m - 2*g = 2*g + 110, -4*m - 2*g + 110 = 0. Suppose -j = -m - 12. What is the highest common factor of 105 and j?
21
Let a = -164 + 247. Suppose -w + 51 = 3*t, 5*t = -2*w + w + a. What is the highest common divisor of t and 128?
16
Suppose 0 = -4*h - 6*h + 220. What is the greatest common divisor of 154 and h?
22
Let n(m) = 17*m**3 - m**2. Let u be n(1). Suppose 0 = h + 10 - 26. What is the greatest common factor of h and u?
16
Let l = -130 - -242. What is the greatest common factor of l and 14?
14
Let m(o) = 2*o**3 - 2*o**2 - o - 2. Let l be m(2). Suppose -l*c + 3*c + 3 = 0. Calculate the highest common divisor of c and 3.
3
Suppose -2*k = -4*c + 10, 9*k - 4*k + c = -47. Let f = k + 28. What is the highest common factor of 114 and f?
19
Let z be (-434)/(-105) - (-2)/(-15). Suppose -10*a = -z*a - 60. Suppose 5*o + 5 = -h, -5*h + 7*h = 4*o + 32. Calculate the highest common factor of h and a.
10
Suppose -3 = z + 3. Let a be (1*-2)/(3/z). Let r be 10/(-25)*160/(-2). What is the greatest common divisor of r and a?
4
Let d = -15 - -18. Let l be ((-5)/(-10))/((-2)/(-12)). Calculate the greatest common factor of l and d.
3
Let f = 107 - 47. Let m = 52 - 37. What is the highest common divisor of f and m?
15
Let f(k) = -k**2 - 5*k. Let q be f(-5). Let c be 12 - (-1)/1 - q. Calculate the greatest common divisor of 13 and c.
13
Suppose -s + 0*g + g = 4, s + 4 = -2*g. Let c be 2/s*(-47 + 1). Suppose c + 17 = 4*y. What is the greatest common factor of y and 15?
5
Let j be (-14)/21*3/(-2). Let h be (7 + -5)/(j/14). Calculate the greatest common factor of h and 196.
28
Let f(l) = 3*l**3 + 2*l**2 - l. Let v be (12/(-9) - -1)*-3. Let t be f(v). What is the highest common factor of 4 and t?
4
Suppose d = -3*d + 20. Suppose 5*t - 66 - 14 = -d*f, -3*f + 5*t + 48 = 0. Calculate the greatest common factor of 40 and f.
8
Let p be -1 + 4 + (1 - 0). Suppose -16 - 193 = -5*q - p*z, -3*q = -5*z - 155. Suppose 2*c - 5 = c. Calculate the highest common divisor of q and c.
5
Let l(o) = 15*o + 3*o - 1 + 7. Let v 